{"id":214,"date":"2021-05-07T15:04:44","date_gmt":"2021-05-07T13:04:44","guid":{"rendered":"https:\/\/octamus.fr\/?page_id=214"},"modified":"2023-10-09T11:06:55","modified_gmt":"2023-10-09T09:06:55","slug":"la-psychologie-et-la-psychometrie","status":"publish","type":"page","link":"https:\/\/octamus.fr\/index.php\/la-psychologie-et-la-psychometrie\/","title":{"rendered":"Psychologie et Psychom\u00e9trie"},"content":{"rendered":"\t\t<div data-elementor-type=\"wp-page\" data-elementor-id=\"214\" class=\"elementor elementor-214\">\n\t\t\t\t\t\t<section class=\"elementor-section elementor-top-section elementor-element elementor-element-c273018 elementor-section-boxed elementor-section-height-default elementor-section-height-default\" data-id=\"c273018\" data-element_type=\"section\" data-e-type=\"section\">\n\t\t\t\t\t\t<div class=\"elementor-container elementor-column-gap-default\">\n\t\t\t\t\t<div class=\"elementor-column elementor-col-100 elementor-top-column elementor-element elementor-element-df12bdd\" data-id=\"df12bdd\" data-element_type=\"column\" data-e-type=\"column\">\n\t\t\t<div class=\"elementor-widget-wrap elementor-element-populated\">\n\t\t\t\t\t\t<div class=\"elementor-element elementor-element-8af12d3 elementor-widget elementor-widget-text-editor\" data-id=\"8af12d3\" data-element_type=\"widget\" data-e-type=\"widget\" data-widget_type=\"text-editor.default\">\n\t\t\t\t<div class=\"elementor-widget-container\">\n\t\t\t\t\t\t\t\t\t<p><b>Les \u00c9tablissements d\u2019applications psychotechniques (EAP)<\/b><\/p>\n<p><b>Une entreprise de psychologie appliqu\u00e9e charg\u00e9e d&rsquo;\u00e9valuer les aptitudes des candidats&nbsp;<\/b><\/p><p><b>aux postes de conduite et s\u00e9curit\u00e9 :&nbsp;<\/b><\/p>\n<p><b>Intelligence pratique, Pr\u00e9cision des mouvements, R\u00e9actions et Vigilance<\/b><\/p>\n<p class=\"p1\" style=\"font-size: 16px; line-height: normal; margin-bottom: 10px; text-align: justify; color: #090000; letter-spacing: -0.27px; font-variant-numeric: normal; font-variant-east-asian: normal; font-stretch: normal;\"><span style=\"font-weight: bold;\">Premi\u00e8re g\u00e9rance&nbsp;: Gaston Guyot<span class=\"Apple-converted-space\">&nbsp;&nbsp;<\/span>1927 \u2013 1943<\/span><\/p>\n<p class=\"p1\" style=\"font-size: 16px; line-height: normal; margin-bottom: 10px; text-align: justify; color: #090000; letter-spacing: -0.27px; font-variant-numeric: normal; font-variant-east-asian: normal; font-stretch: normal;\"><span style=\"font-family: var( --e-global-typography-text-font-family ), Sans-serif; font-weight: var( --e-global-typography-text-font-weight ); letter-spacing: -0.015em;\">Batterie de tests \u00ab\u00a0S\u00e9curit\u00e9\u00a0\u00bb de J.M. Lahy<\/span><\/p>\n<p class=\"p1\" style=\"font-size: 16px; line-height: normal; margin-bottom: 10px; text-align: justify; color: #090000; letter-spacing: -0.27px; font-variant-numeric: normal; font-variant-east-asian: normal; font-stretch: normal;\"><span style=\"font-family: var( --e-global-typography-text-font-family ), Sans-serif; font-weight: var( --e-global-typography-text-font-weight ); letter-spacing: -0.015em;\">Technologie utilis\u00e9e: m\u00e9canique puis \u00e9lectrom\u00e9canique<\/span><\/p>\n<p class=\"p1\" style=\"font-size: 16px; line-height: normal; margin-bottom: 10px; text-align: justify; color: #090000; letter-spacing: -0.27px; font-variant-numeric: normal; font-variant-east-asian: normal; font-stretch: normal;\"><span style=\"font-weight: bold;\">Deuxi\u00e8me g\u00e9rance&nbsp;: Denise Guyot<span class=\"Apple-converted-space\">&nbsp;&nbsp;<\/span>1945 \u2013 1973<\/span><\/p>\n<p class=\"p1\" style=\"font-size: 16px; line-height: normal; margin-bottom: 10px; text-align: justify; color: #090000; letter-spacing: -0.27px; font-variant-numeric: normal; font-variant-east-asian: normal; font-stretch: normal;\"><span style=\"font-family: var( --e-global-typography-text-font-family ), Sans-serif; font-weight: var( --e-global-typography-text-font-weight ); letter-spacing: -0.015em;\">Technologie utilis\u00e9e: \u00e9lectrom\u00e9canique puis \u00e9lectronique<\/span><\/p>\n<p class=\"p1\" style=\"font-size: 16px; line-height: normal; margin-bottom: 10px; text-align: justify; color: #090000; letter-spacing: -0.27px; font-variant-numeric: normal; font-variant-east-asian: normal; font-stretch: normal;\"><span style=\"font-family: var( --e-global-typography-text-font-family ), Sans-serif; font-weight: var( --e-global-typography-text-font-weight ); letter-spacing: -0.015em;\">Batterie de tests \u00ab\u00a0S\u00e9curit\u00e9\u00a0\u00bb du prof. Bonnardel<\/span><\/p>\n<p class=\"p1\" style=\"font-size: 16px; line-height: normal; margin-bottom: 10px; text-align: justify; color: #090000; letter-spacing: -0.27px; font-variant-numeric: normal; font-variant-east-asian: normal; font-stretch: normal;\"><span style=\"font-weight: bold;\">Troisi\u00e8me g\u00e9rance&nbsp;: Robert Simonnet 1973 &#8211; 1995<\/span><\/p>\n<p class=\"p1\" style=\"font-size: 16px; line-height: normal; margin-bottom: 10px; text-align: justify; color: #090000; letter-spacing: -0.27px; font-variant-numeric: normal; font-variant-east-asian: normal; font-stretch: normal;\">Technologie utilis\u00e9e: \u00e9lectronique puis informatique<\/p>\n<p class=\"p1\" style=\"font-size: 16px; line-height: normal; margin-bottom: 10px; text-align: justify; color: #090000; letter-spacing: -0.27px; font-variant-numeric: normal; font-variant-east-asian: normal; font-stretch: normal;\">Composition de livres et syst\u00e8me informatique de correction des tests<\/p>\t\t\t\t\t\t\t\t<\/div>\n\t\t\t\t<\/div>\n\t\t\t\t\t<\/div>\n\t\t<\/div>\n\t\t\t\t\t<\/div>\n\t\t<\/section>\n\t\t\t\t<\/div>\n\t\t","protected":false},"excerpt":{"rendered":"<p>Les \u00c9tablissements d\u2019applications psychotechniques (EAP) Une entreprise de psychologie appliqu\u00e9e charg\u00e9e d&rsquo;\u00e9valuer les aptitudes des candidats&nbsp; aux postes de conduite et s\u00e9curit\u00e9 :&nbsp; Intelligence pratique, Pr\u00e9cision des mouvements, R\u00e9actions et Vigilance Premi\u00e8re g\u00e9rance&nbsp;: Gaston Guyot&nbsp;&nbsp;1927 \u2013 1943 Batterie de tests \u00ab\u00a0S\u00e9curit\u00e9\u00a0\u00bb de J.M. Lahy Technologie utilis\u00e9e: m\u00e9canique puis \u00e9lectrom\u00e9canique Deuxi\u00e8me g\u00e9rance&nbsp;: Denise Guyot&nbsp;&nbsp;1945 \u2013 1973 [&hellip;]<\/p>\n","protected":false},"author":1,"featured_media":0,"parent":0,"menu_order":0,"comment_status":"closed","ping_status":"closed","template":"","meta":{"_crdt_document":"","footnotes":""},"class_list":["post-214","page","type-page","status-publish","hentry"],"yoast_head":"<!-- This site is optimized with the Yoast SEO plugin v27.3 - https:\/\/yoast.com\/product\/yoast-seo-wordpress\/ -->\n<title>Psychologie et Psychom\u00e9trie - OCTAMUS<\/title>\n<meta name=\"description\" content=\"APSM, psychom\u00e9trie, R. Simonnet, R. Bonnardel, EAP, D. Guyot, capacit\u00e9s humaines, intelligence artificielle, mus\u00e9e virtuel des tests\" \/>\n<meta name=\"robots\" content=\"index, follow, max-snippet:-1, max-image-preview:large, max-video-preview:-1\" \/>\n<link rel=\"canonical\" href=\"https:\/\/octamus.fr\/index.php\/la-psychologie-et-la-psychometrie\/\" \/>\n<meta property=\"og:locale\" content=\"fr_FR\" \/>\n<meta property=\"og:type\" content=\"article\" \/>\n<meta property=\"og:title\" content=\"Psychologie et Psychom\u00e9trie - OCTAMUS\" \/>\n<meta property=\"og:description\" content=\"APSM, psychom\u00e9trie, R. Simonnet, R. Bonnardel, EAP, D. Guyot, capacit\u00e9s humaines, intelligence artificielle, mus\u00e9e virtuel des tests\" \/>\n<meta property=\"og:url\" content=\"https:\/\/octamus.fr\/index.php\/la-psychologie-et-la-psychometrie\/\" \/>\n<meta property=\"og:site_name\" content=\"OCTAMUS\" \/>\n<meta property=\"article:modified_time\" content=\"2023-10-09T09:06:55+00:00\" \/>\n<meta name=\"twitter:card\" content=\"summary_large_image\" \/>\n<meta name=\"twitter:label1\" content=\"Dur\u00e9e de lecture estim\u00e9e\" \/>\n\t<meta name=\"twitter:data1\" content=\"1 minute\" \/>\n<script type=\"application\/ld+json\" class=\"yoast-schema-graph\">{\"@context\":\"https:\\\/\\\/schema.org\",\"@graph\":[{\"@type\":\"WebPage\",\"@id\":\"https:\\\/\\\/octamus.fr\\\/index.php\\\/la-psychologie-et-la-psychometrie\\\/\",\"url\":\"https:\\\/\\\/octamus.fr\\\/index.php\\\/la-psychologie-et-la-psychometrie\\\/\",\"name\":\"Psychologie et Psychom\u00e9trie - OCTAMUS\",\"isPartOf\":{\"@id\":\"https:\\\/\\\/octamus.fr\\\/#website\"},\"datePublished\":\"2021-05-07T13:04:44+00:00\",\"dateModified\":\"2023-10-09T09:06:55+00:00\",\"description\":\"APSM, psychom\u00e9trie, R. Simonnet, R. Bonnardel, EAP, D. Guyot, capacit\u00e9s humaines, intelligence artificielle, mus\u00e9e virtuel des tests\",\"breadcrumb\":{\"@id\":\"https:\\\/\\\/octamus.fr\\\/index.php\\\/la-psychologie-et-la-psychometrie\\\/#breadcrumb\"},\"inLanguage\":\"fr-FR\",\"potentialAction\":[{\"@type\":\"ReadAction\",\"target\":[\"https:\\\/\\\/octamus.fr\\\/index.php\\\/la-psychologie-et-la-psychometrie\\\/\"]}]},{\"@type\":\"BreadcrumbList\",\"@id\":\"https:\\\/\\\/octamus.fr\\\/index.php\\\/la-psychologie-et-la-psychometrie\\\/#breadcrumb\",\"itemListElement\":[{\"@type\":\"ListItem\",\"position\":1,\"name\":\"Accueil\",\"item\":\"https:\\\/\\\/octamus.fr\\\/\"},{\"@type\":\"ListItem\",\"position\":2,\"name\":\"Psychologie et Psychom\u00e9trie\"}]},{\"@type\":\"WebSite\",\"@id\":\"https:\\\/\\\/octamus.fr\\\/#website\",\"url\":\"https:\\\/\\\/octamus.fr\\\/\",\"name\":\"OCTAMUS\",\"description\":\"Psychom\u00e9trie et Psychologie\",\"publisher\":{\"@id\":\"https:\\\/\\\/octamus.fr\\\/#organization\"},\"potentialAction\":[{\"@type\":\"SearchAction\",\"target\":{\"@type\":\"EntryPoint\",\"urlTemplate\":\"https:\\\/\\\/octamus.fr\\\/?s={search_term_string}\"},\"query-input\":{\"@type\":\"PropertyValueSpecification\",\"valueRequired\":true,\"valueName\":\"search_term_string\"}}],\"inLanguage\":\"fr-FR\"},{\"@type\":\"Organization\",\"@id\":\"https:\\\/\\\/octamus.fr\\\/#organization\",\"name\":\"OCTAMUS\",\"url\":\"https:\\\/\\\/octamus.fr\\\/\",\"logo\":{\"@type\":\"ImageObject\",\"inLanguage\":\"fr-FR\",\"@id\":\"https:\\\/\\\/octamus.fr\\\/#\\\/schema\\\/logo\\\/image\\\/\",\"url\":\"https:\\\/\\\/octamus.fr\\\/wp-content\\\/uploads\\\/2021\\\/05\\\/cropped-spheres-e1728397570855.png\",\"contentUrl\":\"https:\\\/\\\/octamus.fr\\\/wp-content\\\/uploads\\\/2021\\\/05\\\/cropped-spheres-e1728397570855.png\",\"width\":352,\"height\":41,\"caption\":\"OCTAMUS\"},\"image\":{\"@id\":\"https:\\\/\\\/octamus.fr\\\/#\\\/schema\\\/logo\\\/image\\\/\"}}]}<\/script>\n<!-- \/ Yoast SEO plugin. -->","yoast_head_json":{"title":"Psychologie et Psychom\u00e9trie - OCTAMUS","description":"APSM, psychom\u00e9trie, R. Simonnet, R. Bonnardel, EAP, D. Guyot, capacit\u00e9s humaines, intelligence artificielle, mus\u00e9e virtuel des tests","robots":{"index":"index","follow":"follow","max-snippet":"max-snippet:-1","max-image-preview":"max-image-preview:large","max-video-preview":"max-video-preview:-1"},"canonical":"https:\/\/octamus.fr\/index.php\/la-psychologie-et-la-psychometrie\/","og_locale":"fr_FR","og_type":"article","og_title":"Psychologie et Psychom\u00e9trie - OCTAMUS","og_description":"APSM, psychom\u00e9trie, R. Simonnet, R. Bonnardel, EAP, D. Guyot, capacit\u00e9s humaines, intelligence artificielle, mus\u00e9e virtuel des tests","og_url":"https:\/\/octamus.fr\/index.php\/la-psychologie-et-la-psychometrie\/","og_site_name":"OCTAMUS","article_modified_time":"2023-10-09T09:06:55+00:00","twitter_card":"summary_large_image","twitter_misc":{"Dur\u00e9e de lecture estim\u00e9e":"1 minute"},"schema":{"@context":"https:\/\/schema.org","@graph":[{"@type":"WebPage","@id":"https:\/\/octamus.fr\/index.php\/la-psychologie-et-la-psychometrie\/","url":"https:\/\/octamus.fr\/index.php\/la-psychologie-et-la-psychometrie\/","name":"Psychologie et Psychom\u00e9trie - OCTAMUS","isPartOf":{"@id":"https:\/\/octamus.fr\/#website"},"datePublished":"2021-05-07T13:04:44+00:00","dateModified":"2023-10-09T09:06:55+00:00","description":"APSM, psychom\u00e9trie, R. Simonnet, R. Bonnardel, EAP, D. Guyot, capacit\u00e9s humaines, intelligence artificielle, mus\u00e9e virtuel des tests","breadcrumb":{"@id":"https:\/\/octamus.fr\/index.php\/la-psychologie-et-la-psychometrie\/#breadcrumb"},"inLanguage":"fr-FR","potentialAction":[{"@type":"ReadAction","target":["https:\/\/octamus.fr\/index.php\/la-psychologie-et-la-psychometrie\/"]}]},{"@type":"BreadcrumbList","@id":"https:\/\/octamus.fr\/index.php\/la-psychologie-et-la-psychometrie\/#breadcrumb","itemListElement":[{"@type":"ListItem","position":1,"name":"Accueil","item":"https:\/\/octamus.fr\/"},{"@type":"ListItem","position":2,"name":"Psychologie et Psychom\u00e9trie"}]},{"@type":"WebSite","@id":"https:\/\/octamus.fr\/#website","url":"https:\/\/octamus.fr\/","name":"OCTAMUS","description":"Psychom\u00e9trie et Psychologie","publisher":{"@id":"https:\/\/octamus.fr\/#organization"},"potentialAction":[{"@type":"SearchAction","target":{"@type":"EntryPoint","urlTemplate":"https:\/\/octamus.fr\/?s={search_term_string}"},"query-input":{"@type":"PropertyValueSpecification","valueRequired":true,"valueName":"search_term_string"}}],"inLanguage":"fr-FR"},{"@type":"Organization","@id":"https:\/\/octamus.fr\/#organization","name":"OCTAMUS","url":"https:\/\/octamus.fr\/","logo":{"@type":"ImageObject","inLanguage":"fr-FR","@id":"https:\/\/octamus.fr\/#\/schema\/logo\/image\/","url":"https:\/\/octamus.fr\/wp-content\/uploads\/2021\/05\/cropped-spheres-e1728397570855.png","contentUrl":"https:\/\/octamus.fr\/wp-content\/uploads\/2021\/05\/cropped-spheres-e1728397570855.png","width":352,"height":41,"caption":"OCTAMUS"},"image":{"@id":"https:\/\/octamus.fr\/#\/schema\/logo\/image\/"}}]}},"jetpack_sharing_enabled":true,"_links":{"self":[{"href":"https:\/\/octamus.fr\/index.php\/wp-json\/wp\/v2\/pages\/214","targetHints":{"allow":["GET"]}}],"collection":[{"href":"https:\/\/octamus.fr\/index.php\/wp-json\/wp\/v2\/pages"}],"about":[{"href":"https:\/\/octamus.fr\/index.php\/wp-json\/wp\/v2\/types\/page"}],"author":[{"embeddable":true,"href":"https:\/\/octamus.fr\/index.php\/wp-json\/wp\/v2\/users\/1"}],"replies":[{"embeddable":true,"href":"https:\/\/octamus.fr\/index.php\/wp-json\/wp\/v2\/comments?post=214"}],"version-history":[{"count":151,"href":"https:\/\/octamus.fr\/index.php\/wp-json\/wp\/v2\/pages\/214\/revisions"}],"predecessor-version":[{"id":5824,"href":"https:\/\/octamus.fr\/index.php\/wp-json\/wp\/v2\/pages\/214\/revisions\/5824"}],"wp:attachment":[{"href":"https:\/\/octamus.fr\/index.php\/wp-json\/wp\/v2\/media?parent=214"}],"curies":[{"name":"wp","href":"https:\/\/api.w.org\/{rel}","templated":true}]}}